der when i is divided by 32.
28
Let q = 742 + -736. Calculate the remainder when 91 is divided by q.
1
Suppose 0 = -28*d + 26*d + 806. What is the remainder when d is divided by 29?
26
Let x(f) = -2*f**2 - 5*f + 17. What is the remainder when 58 is divided by x(0)?
7
Let k(u) = -u + 6. Let z be k(4). Let x be (2 - 3/9)/(5/15). Suppose x*c = z*c + 138. What is the remainder when c is divided by 16?
14
Let p = 4626 + -4619. Let y = 2 + 0. Suppose y = -w + 6, 3*f - 3*w = 21. What is the remainder when f is divided by p?
4
Let a(q) = q + 14. Let j be a(-10). Suppose w + 0 = 1, 24 = 5*c + j*w. What is the remainder when 5 is divided by c?
1
Suppose 4*o + 45 = 5*o. What is the remainder when o is divided by 12*(0/1 - -1)?
9
Let i(j) = j**2 + 5*j - 10. Let o(f) = f**2 + 5*f - 9. Let d be o(-7). Suppose d*b = 162 - 37. What is the remainder when b is divided by i(-8)?
11
Let u(t) be the first derivative of -t**4/2 - t**3 + 2*t**2 - 2*t - 15. What is the remainder when u(-3) is divided by 2?
1
Suppose 6*w - 42 + 30 = 0. What is the remainder when 71 is divided by (-1)/w - 228/(-24)?
8
Suppose -6 = 19*p - 21*p. Let m(o) = o - 2. Let i be m(2). Suppose i*q - 3*q + 3 = 0. What is the remainder when p is divided by q?
0
What is the remainder when 178 is divided by (104/(-6))/(3*(-10)/45)?
22
Let l(d) = 38*d**2 + d + 2. Let b be l(2). Suppose 12*a - 6*a = b. What is the remainder when 127 is divided by a?
23
What is the remainder when 117 is divided by (-25)/(150/(-36)) - (-39 - -3)?
33
Let q = 415 + -338. What is the remainder when 228 is divided by q?
74
Suppose 2*m - 2 = 3*p, 3*p + m - 2*m = -1. Suppose -2*k + 2 + 2 = p, k + 126 = 4*d. Suppose -2*a - d = -6*a. Calculate the remainder when 14 is divided by a.
6
Suppose -3363 = 6*j - 4179. Calculate the remainder when j is divided by 5.
1
Suppose 0 = -2*f - f + 15. Let j(q) = -q**2 + 9*q - 6. Let n(v) = -v**3 - 7*v**2 - 5*v + 13. Let s be n(-6). Calculate the remainder when j(s) is divided by f.
3
Let x = -254 - -314. Let f be (-16)/(-6) - (-2)/(-3). Suppose f*w = 11 + 21. What is the remainder when x is divided by w?
12
Let o = 68 + -62. What is the remainder when o is divided by 6?
0
Let j(q) = q + 5. Let k be j(0). Suppose -z + k*f - 2 = 0, 0*f = -3*f. What is the remainder when -54*(z + 6)/(-4) is divided by 19?
16
Suppose 2*g - 5*a + 11 = 0, 2*a + 10 = 4*g - 8*g. Calculate the remainder when 7749/126*-1*6/(-9) is divided by (9 - g)*(-14)/(-8).
20
Let t be 518/(-21) + (-2)/(-3). Let a = 21 - t. Let i(g) = -3*g**3 - 2*g**2 + g - 2. What is the remainder when a is divided by i(-2)?
9
Let v = -18 + 29. Calculate the remainder when 192 is divided by v - (-1 + 0)/((-6)/(-12)).
10
Let u = 440 - 422. Calculate the remainder when 27 is divided by u.
9
Suppose -564*f = -546*f - 342. What is the remainder when f is divided by 9?
1
Let p = -7 - -13. Let o = p - 3. Suppose -4*i + 2*b + 55 = 5*b, -o*i - 2*b + 41 = 0. What is the remainder when 24 is divided by i?
11
Suppose 4 = n + 1. What is the remainder when 31 is divided by 10*(13/(-5) + n)?
3
Let h(v) = -v**3 - 7*v**2 - v + 3. Calculate the remainder when (-6)/21 - (-594)/21 is divided by h(-7).
8
Let i = 13 + -12. Suppose -2*p + 16 = 2*j, -p - 5 = -2*p - 4*j. Calculate the remainder when 3/i*-1 + 28 is divided by p.
7
Let m be (34/(-8))/(1/(-4)). Suppose -19*k + 138 = -m*k. Suppose 2*l = 3*l - k. What is the remainder when l is divided by 18?
15
Let c = 25 - 22. Suppose c*n - 35 = -2*x + 27, 2*x - 70 = -5*n. What is the remainder when x is divided by 9?
7
Suppose 9*k - 52 = 5*k. What is the remainder when 350 is divided by k?
12
Suppose -2*u - 2*u + 2*a = -260, 4*u - 256 = a. Let q = -18 + u. Suppose 3*y + 16 = 4*y. What is the remainder when q is divided by y?
13
Suppose 0 = 2*u + 5 - 33. Suppose 27*c - 1591 - 2135 = 0. What is the remainder when c is divided by u?
12
Suppose 3*n = -2*p + 54, -4*n = -5*p + p + 68. Let a = -25 + 127. What is the remainder when a is divided by p?
18
Let v(y) = -6*y + 17. Let j = 32 + -37. Let t(g) = -g**3 + 6*g**2 + 7*g + 10. What is the remainder when v(j) is divided by t(7)?
7
Let s = -452 - -458. Calculate the remainder when s is divided by 5.
1
Suppose 0 = -4*x - 4*m + 760, 8*x - 3*m + 375 = 10*x. Calculate the remainder when x is divided by 101.
94
Suppose -2*h + 3*r - 417 = 0, 3*h + 0*r + 638 = 2*r. Let w = h + 311. Suppose -5*n = 35 - w. Calculate the remainder when 23 is divided by n.
11
Suppose -4*q = 4*j - 0*j - 396, 3*q = -6. Suppose -7 = -2*i - 3. Let s = 24 + i. What is the remainder when j is divided by s?
23
Suppose 445*d - 9000 = 421*d. Calculate the remainder when d is divided by 18.
15
Let n = 1397 - 1164. What is the remainder when n is divided by 50?
33
Suppose -4*j + 19 = 2*t - 19, -6*j = -t + 11. What is the remainder when t is divided by 12?
5
Suppose -5800 = -30*y + 1670. What is the remainder when y is divided by 42?
39
Suppose 5887 = 56*s - 2065. What is the remainder when s is divided by 39?
25
Suppose -2*f + 0*f + 19 = 3*u, -47 = -4*f - 3*u. Let d = f + -9. What is the remainder when d is divided by 4?
1
Let o = -337 - -331. Let u(p) = p**2 + 4*p + 2. Let r(a) = -3*a**2 - 12*a - 7. Let g(n) = -4*r(n) - 11*u(n). Calculate the remainder when 31 is divided by g(o).
13
Let j(k) = 3*k**3 - 89*k**2 - 25*k + 41. Calculate the remainder when j(30) is divided by 50.
41
Let r(d) = d**3 + 5*d**2 + 6*d + 59. What is the remainder when (-17)/(-2)*5*2 is divided by r(-5)?
27
Suppose 0 = 5*g - 4*g, 0 = 3*j - 4*g - 150. What is the remainder when j is divided by 9?
5
Let j = 298 + -209. What is the remainder when j is divided by 9?
8
Let m = 45 - 22. Let l = 1873 + -1787. Calculate the remainder when l is divided by m.
17
Let n = -2 + 17. What is the remainder when 0*(-5)/(-10) + n is divided by (-4)/((-6)/(-27)*-3)?
3
Let y(c) = 3*c**2 + 8*c + 2. Let f be y(-6). Suppose 5*s + 26 = 66. Calculate the remainder when (9/6)/(3/f) is divided by s.
7
Let t = 24 + 29. Let r(d) = d + 5. Let o be r(13). Suppose 5*z = 72 + o. Calculate the remainder when t is divided by z.
17
Let m(q) be the first derivative of 56*q**3/3 - 2*q**2 - q - 22. What is the remainder when m(-1) is divided by 22?
15
Let q(p) = -p + 22. Let w = 67 + -42. Let l be (3 + w/(-10))*0. What is the remainder when q(l) is divided by 13?
9
Let u = -923 - -949. Calculate the remainder when 111 is divided by u.
7
Suppose -11*o = -14*o + 78. What is the remainder when o is divided by (-1)/(44/24 + -2)?
2
Suppose -o + 5 = -0*o. Let t = 28760 - 28750. Calculate the remainder when t is divided by o.
0
Suppose -10 - 10 = -5*m. Suppose -3*v - v = 2*z - 154, m*z = 2*v - 82. Let x = -22 + v. Calculate the remainder when 49 is divided by x.
15
Let d(u) = 8*u + 4. Let q = 2 + -4. Let f(t) = -2*t**3 - t**2 - t. Calculate the remainder when d(6) is divided by f(q).
10
Suppose -22*k - 218 = -3*n - 21*k, 269 = 4*n + 3*k. What is the remainder when 139 is divided by n?
68
Calculate the remainder when (1404/(-21))/(15/(-7) + 2) is divided by 47.
45
Suppose -4*z = 2*d + 142, -3*d + d - 3*z = 140. Let x = d - -106. What is the remainder when x is divided by 8?
7
Suppose -5*q = -4*f - 176, -q - 4*f + 17 + 23 = 0. Suppose -t + 220 = 114. What is the remainder when t is divided by q?
34
Suppose -408 = -3*l - 4*a, -2*l + 7*l - 3*a = 709. Let n = -69 + 85. What is the remainder when l is divided by n?
12
Suppose -10*n - 165 = -w - 12*n, -2*w - 3*n + 334 = 0. Calculate the remainder when w is divided by 94.
79
Suppose 5*m = -3*q + 11, -40*m - 29 = -45*m + 3*q. Let v be (6*1)/1 + 1. Let k = v + -5. What is the remainder when m is divided by k?
0
Suppose r = -2*d + 655, 0*r - 2685 = -4*r + 5*d. What is the remainder when r is divided by 74?
73
Let n be 10/6 + 1/3. Let x = -43 - -73. Suppose 7*f - x = n*f. What is the remainder when 9 is divided by f?
3
Calculate the remainder when 2252 is divided by 37 + (11 - (6/2 + 4)).
38
What is the remainder when 371 is divided by ((-451 - 19)/(-10))/(-1 + 2)?
42
Let j(v) be the third derivative of v**5/60 + 3*v**4/8 + 25*v**3/6 - 36*v**2. What is the remainder when 50 is divided by j(-8)?
16
Suppose 38*j - 852 = 35*j. Suppose j = 2*g - 150. What is the remainder when g is divided by 55?
52
Let c = -727 + 1353. Let t be (2 - (-2 + 5)) + c. Su